se 14, what is -12 + 4a?
38
In base 2, what is -10 - 11000?
-11010
In base 9, what is 2064 + 3?
2067
In base 9, what is -71 - 4?
-75
In base 13, what is -b36 + 2?
-b34
In base 6, what is 2 + -5?
-3
In base 9, what is 1 + -17?
-16
In base 3, what is 2 + 2011?
2020
In base 15, what is 5 + 15?
1a
In base 10, what is -2 + 33?
31
In base 15, what is 6 + -8e?
-88
In base 14, what is 168 + 6?
170
In base 12, what is 1271 - -5?
1276
In base 7, what is -22630 - 3?
-22633
In base 8, what is -2 - -1127?
1125
In base 16, what is 29 - -2?
2b
In base 9, what is 60 - 3?
56
In base 10, what is -1 - -455?
454
In base 16, what is 9 + e9?
f2
In base 10, what is -85 + 2?
-83
In base 10, what is 3 - -236?
239
In base 7, what is -6000 - 2?
-6002
In base 13, what is 117 - -3?
11a
In base 14, what is -75 - -3?
-72
In base 14, what is -1b8 + 3?
-1b5
In base 14, what is 3 + 18bb?
18c0
In base 14, what is b - 3?
8
In base 4, what is -11 - 1313?
-1330
In base 8, what is -1357 - 0?
-1357
In base 13, what is -328 + -5?
-330
In base 4, what is -11321 + -10?
-11331
In base 16, what is 8bb + 8?
8c3
In base 10, what is -1271 + 4?
-1267
In base 2, what is 101 - -1111000?
1111101
In base 16, what is -ca - 2?
-cc
In base 3, what is -1 - -222002?
222001
In base 9, what is -2 - 741?
-743
In base 8, what is -3 + -43?
-46
In base 16, what is -1 + -9?
-a
In base 13, what is 1 + 8?
9
In base 6, what is 24341 - 3?
24334
In base 7, what is 3523 - 1?
3522
In base 6, what is -22 - -454?
432
In base 2, what is 1 - 11010000?
-11001111
In base 10, what is -3 + -969?
-972
In base 15, what is 12 + 5?
17
In base 9, what is 43 + 17?
61
In base 11, what is 3 + -3485?
-3482
In base 7, what is -6 - -22136?
22130
In base 16, what is -4 + 164?
160
In base 2, what is 10111101 + -100?
10111001
In base 12, what is 1 + 219?
21a
In base 16, what is 1 + 1b6?
1b7
In base 10, what is 8938 + 1?
8939
In base 10, what is -532 - -5?
-527
In base 8, what is -12 + 1224?
1212
In base 9, what is 3 + -150?
-146
In base 14, what is -10 - -36?
26
In base 8, what is -5 - 1136?
-1143
In base 6, what is -23 - -420?
353
In base 6, what is -3 - 31?
-34
In base 5, what is -141244 + -4?
-141303
In base 13, what is 5 + 420?
425
In base 9, what is -34 + -67?
-112
In base 3, what is -20022002 - -10?
-20021222
In base 11, what is 5 - 2210?
-2206
In base 12, what is -5 - -7?
2
In base 14, what is 3 - -33?
36
In base 12, what is -41 - 5?
-46
In base 2, what is -1100 - -1000101100?
1000100000
In base 2, what is 10 - 111101?
-111011
In base 15, what is -d0 + 9?
-c6
In base 2, what is -10110 - -10000011?
1101101
In base 9, what is -122 - 4?
-126
In base 9, what is -541 + -1?
-542
In base 7, what is -6 + 1044?
1035
In base 8, what is 2676 + -10?
2666
In base 16, what is 3a7 - 15?
392
In base 14, what is 2cb - -4?
2d1
In base 13, what is -2 - 22?
-24
In base 11, what is -2 + -114?
-116
In base 12, what is -a + 848?
83a
In base 12, what is 634 - 4?
630
In base 15, what is 258 + -5?
253
In base 13, what is -b + 62?
54
In base 9, what is -18570 + 2?
-18567
In base 13, what is b79 - -a?
b86
In base 8, what is -531 + -4?
-535
In base 5, what is 4032 - -4?
4041
In base 5, what is 2314 - 0?
2314
In base 7, what is 3 + -1062?
-1056
In base 15, what is 31 - -c?
3d
In base 15, what is -774 - 5?
-779
In base 2, what is -11 + -110100010?
-110100101
In base 16, what is 14e - 0?
14e
In base 16, what is 595 - -3?
598
In base 8, what is -145 - -4?
-141
In base 9, what is -204 - 17?
-222
In base 12, what is -339 - 5?
-342
In base 15, what is 74 + 0?
74
In base 11, what is -56 - 4?
-5a
In base 9, what is 3 - -15?
18
In base 2, what is -11 - 10000111100?
-10000111111
In base 13, what is -572 + 1?
-571
In base 15, what is 5 - 12?
-c
In base 13, what is 1 - -a1?
a2
In base 10, what is 273 + 2?
275
In base 8, what is -22 - -5?
-15
In base 5, what is -10 + -130?
-140
In base 12, what is -130 - 4?
-134
In base 16, what is -8a + 2?
-88
In base 11, what is 44 - 88?
-44
In base 9, what is 1 - 70?
-68
In base 14, what is 1 + 10?
11
In base 6, what is -11 - 24?
-35
In base 13, what is -5bc - -2?
-5ba
In base 5, what is -4 + 1312?
1303
In base 10, what is -22 + -135?
-157
In base 4, what is 2 - 3131?
-3123
In base 16, what is -2 - -56?
54
In base 11, what is -5 - 15?
-1a
In base 2, what is 10 - -100110000?
100110010
In base 12, what is 17 + 18?
33
In base 5, what is 1131 + -13?
1113
In base 13, what is -3 + -9ac?
-9b2
In base 6, what is -103 - -1254?
1151
In base 12, what is 10658 + 5?
10661
In base 13, what is -7b1 + -1?
-7b2
In base 14, what is -10 + 4?
-a
In base 16, what is -4 + -73b?
-73f
In base 3, what is -10 - 21011?
-21021
In base 4, what is 30 - 2133?
-2103
In base 14, what is 25 - 8?
1b
In base 5, what is -12 - 1130?
-1142
In base 9, what is 6535 - 0?
6535
In base 6, what is 0 + -251?
-251
In base 13, what is 37ac - 3?
37a9
In base 10, what is 1 - -78?
79
In base 13, what is 595 - -2?
597
In base 4, what is -231 - -10032?
3201
In base 7, what is -361 + 50?
-311
In base 11, what is 1114 + -10?
1104
In base 14, what is 2 + -32?
-30
In base 15, what is 3 + -4cd?
-4ca
In base 12, what is 9 - -3a?
47
In base 12, what is -114b - 4?
-1153
In base 16, what is -17 + -16?
-2d
In base 15, what is e6 - -2?
e8
In base 8, what is 161 + -311?
-130
In base 13, what is 38a3 + -3?
38a0
In base 10, what is 374 + 2?
376
In base 8, what is -4 - 1004?
-1010
In base 7, what is 5 - 6?
-1
In base 15, what is 5 - -10ab?
10b1
In base 16, what is d - -f?
1c
In base 12, what is 4a + 7?
55
In base 10, what is -98 + -10?
-108
In base 14, what is 4 - 3a?
-36
In base 7, what is 435 - -35?
503
In base 9, what is 188 - -1?
200
In base 10, what is -362 + 12?
-350
In base 6, what is -4 + 503?
455
In base 16, what is 1 + -45?
-44
In base 11, what is -503a + -4?
-5043
In base 7, what is 1 + -20145?
-20144
In base 15, what is d - d2?
-c4
In base 10, what is 12 + -14?
-2
In base 15, what is 177 + 2?
179
In base 5, what is 11333 - 3?
11330
In base 11, what is 5091 - -4?
5095
In base 10, what is -273 + 3?
-270
In base 6, what is 10 - -1403?
1413
In base 3, what is 10 + -210102?
-210022
In base 10, what is 2554 + 2?
2556
In base 13, what is -1c96 - 3?
-1c99
In base 13, what is 1 + 34?
35
In base 2, what is -1111010011 + -10?
-1111010101
In base 15, what is -1 - -22?
21
In base 2, what is 10000111100 - 10?
10000111010
In base 12, what is 1 - -a72?
a73
In base 5, what is -3411 + -134?
-4100
In base 2, what is 110 + -10?
100
In base 5, what is 13 - 143?
-130
In base 11, what is -1293 - -3?
-1290
In base 15, what is -c + 40?
33
In base 8, what is -12 - -110?
76
In base 9, what is 0 + -8248?
-8248
In base 16, what is -1ef - 1?
-1f0
In base 14, what is -32c - 2?
-330
In base 14, what is 14 + -395?
-381
In base 8, what is 4457 - -20?
4477
In base 12, what is -2297 - 4?
-229b
In base 6, what is 22 + -10552?
-10530
In base 12, what is -5 - 3bb1?
-3bb6
In base 8, what is 1000 + 2?
1002
In base 6, what is 33 + 4?
41
In base 2, what is 11100001 - 11?
11011110
In base 7, what is 5 + -143?
-135
In base 16, what is 4 - 26?
-22
In base 9, what is 1 + 330?
331
In base 8, what is -4 + -70?
-74
In base 16, what is -4 + -2?
-6
In base 5, what is 101 + -12444?
-12343
In base 11, what is 0 + 1078?
1078
In base 11, what is 0 + 5343?
5343
In base 11, what is -14 + -315?
-329
In base 7, what is 24 + 13?
40
In base 15, what is -5 + -43?
-48
In base 10, what is 15 - 11?
4
In base 7, what is 1 - -1?
2
In base 3, what is -22 + -222?
-1021
In base 12, what is -2 - 26a?
-270
In base 3, what is -20 - 1012201?
-1012221
In base 11, what is -23 + 68?
45
In base 13, what is -178 - 10?
-188
In base 13, what is -135 + 24?
-111
In base 7, what is 404 - -1?
405
In base 6, what is -3530 + 1?
-3525
In base 14, what is -9b3 - -1?
-9b2
In base 7, what is -6 - 1333?
-1342
In base 15, what is 113 + 32?
145
In base 3, what is 11 + 101002?
101020
In base 4, what is 20 + -1221?
-1201
In base 13, what is 22a - 3?
227
In base 11, what is -1194 + -3?
-1197
In base 14, what is 1 + 30?
31
In base 12, what is 4 - a44?
-a40
In base 7, what is 4 + 10644?
10651
In base 11, what is 465 - 5?
460
In base 10, what is -3 + 1257?
1254
In base 2, what is 111 + 1011000?
1011111
In base 5, what is -3 + 114?
111
In base 11, what is -8 - 10aa?
-1107
In base 12, 